he highest common factor of 6 and j.
6
Let c be (-38)/(-6) - 6/(-9). Suppose g - 4*g + b = -231, -b = -g + 77. What is the greatest common divisor of g and c?
7
Let f = 27 - 42. Let q be (-6)/f - (-603)/5. Calculate the highest common factor of 11 and q.
11
Let w = -12 + 124. Suppose 4*k - 3*a = 13, -k + 0*k - a + 12 = 0. Let z be 500/35 - 2/k. Calculate the highest common factor of w and z.
14
Let p = -177 - -257. Calculate the greatest common divisor of p and 32.
16
Suppose -2*k = -5*k + 60. Calculate the greatest common divisor of 2 and k.
2
Suppose -45 - 36 = -4*w + g, 5*w + g - 99 = 0. Let i(d) = d**2 + 6*d + 3. Let h be i(-8). Let s = h + -15. Calculate the highest common factor of w and s.
4
Suppose -5*a + 255 = -5*i, 3*a + 5*i - 44 = 85. Let f be (a/(-18))/((-4)/6). What is the highest common divisor of f and 10?
2
Let r be 1/5 - 28/(-35). Let v = 19 + -13. What is the highest common divisor of v and r?
1
Let j be 2/5 + 58/5. Calculate the greatest common divisor of j and 6.
6
Suppose -19 = 5*v - 89. Let s = -137 + v. Let k be (-4)/6 - s/9. What is the greatest common divisor of 26 and k?
13
Let o(r) = -9*r + 6. Let j be o(-3). Calculate the greatest common divisor of 3 and j.
3
Let a(r) = r**2 + 6*r - 13. Let s be a(-9). Calculate the greatest common divisor of 112 and s.
14
Let u = 87 - 57. Suppose -3*v = u - 186. Calculate the highest common factor of v and 13.
13
Suppose 0 = -0*m - 2*m - 10. Let p = -3 - m. Suppose 0 = 3*s - 5*t - 185, -p*t + 1 + 3 = 0. Calculate the highest common divisor of s and 26.
13
Suppose b = -9 + 18. What is the highest common divisor of 6 and b?
3
Let q be (-20)/(-6) - 10/(-15). Let f = -28 + 56. Calculate the greatest common factor of q and f.
4
Suppose -5*u = -4*m + 277, -4*m + 26 + 206 = 4*u. What is the highest common divisor of 7 and m?
7
Let t(o) = -1 - 2 + 2 + 6*o. Let c be t(1). Suppose -3*k = -c*k + 28. What is the highest common divisor of k and 21?
7
Let a = 7 + -3. Calculate the greatest common factor of 20 and a.
4
Let g = 18 + -6. Let o(p) = 2*p**2 + 10*p - 48. Let k be o(-11). Calculate the highest common factor of g and k.
12
Suppose -5*a = -0*a - 10. Let f(q) = -q**2 + 4*q - 1. Let w be f(3). Suppose -w - a = -j. What is the highest common factor of j and 36?
4
Let p = -7 + 7. Suppose -2*t + 6 = -3*w, p = -2*t - 2*w + 3*w + 10. Let d be 4 - 0 - (1 - 1). What is the highest common divisor of t and d?
2
Let f be 125/10 + (-2)/4. Let o be 74/6 - (-8)/f. Calculate the greatest common divisor of o and 13.
13
Let y(l) be the first derivative of l + 16/3*l**3 - 2 + l**2. Let a be y(-1). What is the highest common divisor of a and 165?
15
Let i be 0/((-4)/(3 + -1)). Suppose t + f - 20 = i, 3*f + 2*f - 49 = -2*t. Calculate the greatest common divisor of t and 153.
17
Let x = 46 - 28. Calculate the highest common divisor of x and 2.
2
Let q be (-4)/12*(-12 + 0/1). What is the highest common factor of q and 64?
4
Let m(v) = -2*v**3 - v**2 + 2*v. Let a be m(-2). Calculate the greatest common divisor of a and 40.
8
Let l = -5 + 7. Let v be -1 - -13 - l - -1. Let g = 67 - 45. What is the highest common factor of v and g?
11
Let y(o) = o + 10. Let i be y(-5). Let g(w) = 2*w**3 + 2*w**2 + 3*w. Let n be g(3). Let k = -31 + n. Calculate the highest common factor of k and i.
5
Let s(d) = 103*d**2 + 1. Let o be s(1). Let y = 35 + -22. Calculate the highest common divisor of y and o.
13
Let u be (132/(-28) + -3)/(9/(-84)). What is the highest common factor of 108 and u?
36
Suppose -4 = -4*y, -4*c - 4*y = -12 - 8. Suppose 3*t = -2*n - 7, -2*t + c + 2 = 4*n. Let b = t + 8. Calculate the greatest common factor of b and 21.
3
Let s be (-9)/(-6)*56/12. Suppose 0*c = -k + c + s, 3*k - 2*c - 21 = 0. Let q be 2/(2 - 0)*7. What is the highest common factor of q and k?
7
Suppose 13*t - 91 = -0*t. Calculate the highest common divisor of 1 and t.
1
Let h(s) = s**2 - 2*s - 2. Let w be h(-4). Calculate the highest common divisor of 33 and w.
11
Let j be (-1)/(-2) + 15/2. Calculate the greatest common divisor of j and 136.
8
Suppose -3*p + 123 = 5*z, -3*p + 0*z + 114 = 2*z. What is the greatest common factor of 288 and p?
36
Let q(o) be the third derivative of -1/24*o**4 + 0*o - 1/2*o**3 - 3*o**2 + 0. Let x be q(-6). Calculate the greatest common divisor of 3 and x.
3
Let b(k) = -8*k + 1. Let t be b(-10). Suppose 4*u - a = t, -14 + 115 = 4*u - 5*a. What is the greatest common divisor of u and 76?
19
Let m be (-6)/39 - (-11889)/(-39). Let p = -217 - m. Let c(f) = -f**2 + 7*f + 2. Let z be c(6). Calculate the highest common divisor of p and z.
8
Let x(j) = -j + 8. Let v be x(4). Calculate the highest common divisor of v and 36.
4
Let z(k) = 2 + 2*k + k - 3*k**3 + 0*k**3 + 2*k**3. Let g be z(-3). What is the greatest common divisor of 5 and g?
5
Let n = 126 + -53. Let h = -851 + 1284. Suppose n - h = -4*f. Calculate the greatest common divisor of f and 9.
9
Let n = -43 - -47. What is the highest common factor of 4 and n?
4
Let x(z) = 40*z + 2. Let p be x(2). Suppose 5*a - 35 = -130. Let m = a + p. What is the highest common factor of 9 and m?
9
Let w = 9 - 7. Suppose -3*v = 2*v - 2*x - 5, w*x - 10 = 0. Suppose 84 = i + v*h, -5*i + 3*h = -h - 363. What is the greatest common divisor of 15 and i?
15
Let l(y) = -26*y + 1. Let j(t) = t**2 + 5*t + 2. Let o be j(-2). Let f be l(o). What is the highest common divisor of 15 and f?
15
Let m be 9/6 - (-2 - (-76)/(-8)). What is the highest common divisor of m and 65?
13
Let a(z) be the first derivative of -z**2 - z - 1. Let m be a(-3). Suppose -m*d - 39 = -424. What is the greatest common factor of d and 11?
11
Suppose 2*t + 276 = 8*t. Calculate the highest common divisor of 69 and t.
23
Suppose -33 = -3*p + 237. Calculate the highest common divisor of p and 10.
10
Suppose -2*j + 24 = 2*j. Let v = 3 + j. Let l be (-4 - -1)/(3/(-9)). What is the highest common factor of v and l?
9
Let o(l) = -l**3 + 8*l**2 + 10*l - 12. Let z be o(9). Let c be (z - -4)/((-3)/(-24)). Calculate the greatest common divisor of c and 8.
8
Suppose -z - 49 = -2*z + 4*g, 2*z + 2*g = 88. Calculate the highest common divisor of z and 30.
15
Let k(r) = 15*r**2 + 3*r - 3. Let i be k(5). Let n = i - 192. Suppose -5*o = 5*p - 915, n = -2*o + 3*o - 2*p. What is the highest common divisor of o and 17?
17
Let w = -402 - -649. What is the greatest common factor of w and 13?
13
Let m be (13 - -1) + (5 - 7). Let g be (18/4)/(1/m). Calculate the greatest common factor of g and 81.
27
Let u(z) be the second derivative of 61*z**5/20 - z**3/6 - z. Let i be u(1). Calculate the greatest common divisor of i and 90.
30
Let h be 1/5 + (-318)/(-10). Let t(x) be the third derivative of 47*x**6/120 + x**5/60 - 2*x**2. Let a be t(1). What is the greatest common factor of a and h?
16
Let i(l) = l**2 - 2*l - 3. Let v be i(5). Suppose 4*k - 922 = -270. Suppose 4*w + 19 - k = 0. Calculate the greatest common factor of v and w.
12
Let u(k) = k**3 - 3*k**2 + 2*k + 4. Let s be u(2). Calculate the greatest common factor of s and 20.
4
Suppose 3*j - 15 = -0*j. Suppose j*k = k + 56. Let b(h) = 2*h**2 - 7*h + 6. Let o be b(5). Calculate the greatest common factor of k and o.
7
Suppose -4*t - 3*y + 22 = 0, 4*t - 5*y = -0*y + 6. Calculate the highest common factor of 12 and t.
4
Let h(u) = -u**3 - 7*u**2 + 11*u**2 + 2 + 0*u**3. Let t be h(4). Calculate the greatest common divisor of 1 and t.
1
Suppose 4*l - 2*l = 14. Let q(m) = 3*m**2 - 6*m + 3. Let s be q(l). Suppose -36 = 2*n - s. Calculate the highest common divisor of n and 12.
12
Let j(d) = -d**3 + 8*d**2 - 4*d + 11. Let w be j(7). Calculate the highest common divisor of w and 8.
8
Suppose -3*r = -11 - 31. Let s(y) = -y**3 - 25*y**2 - 25*y - 3. Let i be s(-24). Calculate the greatest common factor of r and i.
7
Let m(c) = -c - 10. Let t be m(-10). Suppose -3 = -p, -x - 4*p = -t*x - 16. Let d be (-2)/x - 122/(-4). What is the greatest common divisor of d and 20?
10
Let c be ((-6)/(-4))/((-12)/176). Let t = c + 54. Calculate the highest common divisor of t and 4.
4
Let w = 31 + -20. Let n = 4 + w. What is the highest common divisor of 15 and n?
15
Suppose 0 = 3*w - 4*w - 5*n + 77, -5*n = -25. What is the highest common divisor of 468 and w?
52
Let q = 126 - 27. Calculate the greatest common di